 0. Is i composite?
False
Let l = 1010 + 2821. Is l a prime number?
False
Let v = 23901 + -10042. Is v a prime number?
True
Let y(g) = 132*g + 19. Let s = -12 - -26. Is y(s) composite?
False
Suppose 4*j = 3*j. Suppose 5*g - q + 3*q + 3535 = 0, 3*g + q + 2121 = j. Let i = -238 - g. Is i a composite number?
True
Let w = -13 + 49. Let n = -31 + w. Suppose -n*b + 0*b + 2705 = 0. Is b a composite number?
False
Let b(j) = -65*j - 15. Let h be b(7). Suppose -2*u = 244 + 44. Let y = u - h. Is y a composite number?
True
Let i be 18/(-4)*(-12)/18. Suppose 5802 = -p + i*p. Is p composite?
True
Let s = 4785 + 1120. Is s a composite number?
True
Let g(s) = -9 + 7 + 45*s**2 + 0*s**2 - 2*s. Let n be (-1)/(4/(-3))*-4. Is g(n) a prime number?
True
Let u = 0 - 126. Let h = 181 + u. Is h a prime number?
False
Let v(f) = -121*f - 32. Let q be 1/(1/(-1 - 18)). Is v(q) prime?
True
Let p be 46/10 - (-15)/(-25). Let y = 100 - p. Let r = y - -22. Is r a composite number?
True
Suppose -4*h + 22 + 6 = 5*b, -b + 4 = 0. Suppose 3*n = -2*j + 7 - 33, -32 = h*n + 5*j. Is ((-1688)/20)/(n/15) prime?
True
Let h(j) = j**2 + 1 - 2*j + 0*j**2 - 85*j**3 + 4*j. Let t be (-30)/18 + 2/3. Is h(t) composite?
True
Let l = 31 + -33. Is 3489/11 + 1/11*l composite?
False
Suppose 2*o = -o + 372. Suppose 0 = 7*w + o - 3057. Is w prime?
True
Suppose -2*h + 8*h = 24. Suppose 2*u + 5*n - 211 = 0, -22 = 5*n + 3. Suppose 0 = -h*v - k - k + 466, 0 = v + k - u. Is v composite?
True
Let p = -2101 + 4706. Is p composite?
True
Let v = -77 - -74. Suppose -3*i - 1394 = -128. Is (i/(-6))/(v/(-9)) a prime number?
True
Suppose -3*w + r - 2*r + 8370 = 0, -5*w + 2*r = -13939. Is w a composite number?
False
Let m(d) = -2*d**3 - 39*d**2 + 13*d - 53. Is m(-22) a prime number?
True
Let q(r) = 0 - 2*r**2 + 4*r**2 - r - 9. Let t be q(-6). Suppose -t = -h + 72. Is h prime?
False
Let d be 3/(-3) + 4 + -3. Suppose -5*w + 4*o + 16107 = d, 3*o = 3*w - o - 9669. Suppose -6*i + 3*i + w = 0. Is i composite?
True
Let d = -33 + 37. Suppose b - 2947 = 5*l, b = d*l + 2690 + 259. Is b a composite number?
False
Let z = 12720 + -8673. Suppose -7*f = 45 - 129. Is z/9 + f/(-18) prime?
True
Let y(s) = -s - 4. Let o be y(-6). Suppose r - o*l = 185, -r + 2*l = -l - 185. Is r a composite number?
True
Suppose 0 = 5*o - 5*p - 202295, -2*o - 5*p = -13942 - 66976. Is o a composite number?
False
Let h = -4 - -1. Let d(q) = -34*q - 14*q + 11*q + 4. Is d(h) a prime number?
False
Suppose 3*z - 3*c + 0*c + 27 = 0, -2*c = -z - 14. Let n be z/(-16) - (-7)/4. Suppose 3*p = -n*s + p + 72, -5*s + 204 = -3*p. Is s a prime number?
False
Suppose 0 = -47*n + 35*n + 33324. Is n a composite number?
False
Suppose 664726 + 107324 = 30*a. Is a composite?
True
Let i(y) be the first derivative of 1201*y**3/3 - 2*y**2 - 4*y + 20. Is i(-1) prime?
True
Let z(b) = -b**2 + b + 2. Let k be z(0). Suppose n + k*h = 257, 5*h - 415 = -n - 149. Is n composite?
False
Let q(l) = -6*l**2 + 8*l - 10. Let n(t) be the first derivative of 11*t**3/3 - 17*t**2/2 + 19*t + 1. Let o(r) = 3*n(r) + 5*q(r). Is o(7) a composite number?
True
Let n(o) = -o**3 - 3*o**2 - o - 1. Let f be n(-3). Suppose f*a - 3*v - 15 = -3*a, 0 = 3*a + 2*v + 10. Suppose a = 3*l - 1265 - 2188. Is l a composite number?
False
Suppose 1661764 + 800829 = 49*m. Is m a composite number?
True
Suppose 6*u - 3*u = 3*f - 1161, -3*f - 3*u + 1185 = 0. Is f a prime number?
False
Let t = -918 - -1650. Let r = -395 + t. Is r prime?
True
Suppose -4*d = -15*d + 55. Suppose -12*j + 1547 = d*j. Is j a prime number?
False
Suppose 352722 = 7*m - 229321. Is m a prime number?
False
Suppose 31 = 3*o + 1. Is (771/2)/(o/20) prime?
False
Is (2 + -20)/(-3) - -3293 a prime number?
True
Suppose -11*y = -26*y + 48405. Is y prime?
False
Suppose 3*o - 3 = -3*w, -w - 3*o - o - 11 = 0. Suppose 4786 = w*x - 3*x. Is x a composite number?
False
Let c(l) be the first derivative of -l**3/3 + 39*l**2/2 - 22*l + 24. Is c(27) composite?
True
Suppose 29 = 4*z + 9, 0 = -3*s + 4*z + 469. Suppose 0*i + s = i. Is i/7 - (-16)/(-56) a prime number?
True
Suppose 118 = 17*h - 205. Is h a composite number?
False
Let p(c) = -929*c + 72. Is p(-13) prime?
True
Suppose 17*h = -0*h + 313871. Is h a composite number?
True
Let i(s) = s**2 + 3*s - 6. Let p be i(4). Suppose j + p - 160 = 0. Suppose 2*v - j = 74. Is v prime?
False
Suppose -3*n - 2*b - 8 = -0*b, -n + 3*b + 12 = 0. Suppose 2*q + 116 - 922 = n. Is q prime?
False
Let g = 1938 - 904. Suppose 22*c - g = 20*c. Is c prime?
False
Let b(h) = 3*h - h - h - 19 + 5 + 34*h**2. Is b(-4) a composite number?
True
Let t(a) = a**3 - 5*a**2 - 7*a + 8. Let x be t(6). Suppose -x*m = -7*m + 335. Let l = m + -12. Is l prime?
False
Let l be 5 - (1 - (-1 - -2)). Suppose -l*v = -0*v. Suppose -2*p - 3*c + 1826 = 0, -5*p + 4*c + 4565 = -v*p. Is p a prime number?
False
Suppose 3*v = -9*v. Suppose v = -9*j - 1495 + 8074. Is j composite?
True
Let a be (80/100)/((-4)/(-10)). Suppose -a*p = -772 - 158. Suppose 7 = -2*v + 1, -2*v + p = 3*n. Is n composite?
False
Let l = 9387 + 422. Is l composite?
True
Suppose 2*r = 4*q + 1890, 5 = -2*q + 1. Is r composite?
False
Suppose -4*l - 654 - 698 = 0. Let q = 529 + l. Is q prime?
True
Let k be 154/(-28) - 1/2. Let q(n) = -40*n - 3. Let m be q(-6). Is (m/9)/((-2)/k) a composite number?
False
Let y be (-8)/(-28) + (-12)/(-7). Suppose 2*d - 1844 = 2*z, -1850 = -0*d - y*d + 4*z. Is d a composite number?
False
Is (-3)/((-189)/(-812049))*(-3)/1 a composite number?
False
Let b(m) = 9*m**3 + 2*m**2 + 9*m + 7. Is b(5) a composite number?
True
Let c be (-5)/10 - (1355/(-2) + -1). Let p = 1475 - c. Is p prime?
True
Is (-11 + (-18400)/(-24))*11*3 a composite number?
True
Is 22/77 + (-146763)/(-21) a composite number?
True
Let v(g) = -2*g + 9. Let l be v(-6). Let i = 21 - l. Suppose 3*t + i*t = 4*d - 886, 438 = 2*d - 4*t. Is d composite?
False
Let v(n) = 4*n - 29 - 7*n + 7*n + 11*n. Is v(5) composite?
True
Let c = -7164 + 19603. Is c composite?
True
Suppose 8*w - 9*w = -467. Suppose 3*x = -110 + w. Is x a prime number?
False
Suppose -8 = -3*u - 0*u + 4*y, 0 = 3*u + y - 13. Is ((-210)/u)/(-7)*(-52)/(-6) prime?
False
Let t = 0 - 8. Let d = 11 + t. Suppose -114 = -b - d*c, 0*c + 15 = -3*c. Is b a prime number?
False
Suppose -35673 = -23*v - 11086. Is v composite?
False
Let x(m) = -m + 1. Let l(d) = 4*d + 13. Let b(g) = -l(g) + 6*x(g). Suppose -2*f = 5*o + f + 21, 5*o = -f - 27. Is b(o) a prime number?
True
Suppose -3*c - 23034 = -3*i, -68*c - 9 = -71*c. Is i a composite number?
False
Suppose -10*f + 3*f = -6426. Suppose f = -5*h + 5243. Is h composite?
True
Let f(c) = -21*c**3 + 10*c**2 - 24*c - 18. Is f(-11) composite?
True
Suppose -8*d + 12*d + 588 = 0. Let j = -2 - d. Is j a prime number?
False
Suppose 15119 = 9*v - 1090. Is v a composite number?
False
Let a(z) = 366*z - 187. Is a(3) a prime number?
True
Let o(l) = 11*l - 3. Let w be o(1). Let g(c) = -c**2 + 7*c - 8. Let y be g(w). Is 4/(y/(-5))*148 prime?
False
Let d be -17 - -17 - (1075 + 0). Is d/(-3) + 4/6 prime?
True
Let r = 17 + -15. Let d(x) = 80*x**3 + x**2 + 6*x - 7. Is d(r) prime?
False
Let j be 3/6*((-2 - -282) + 2). Let d = -4 + 1. Is (-3 + (-16)/d)*j a prime number?
False
Suppose 8090 + 78868 = 6*h. Is h composite?
True
Let t(u) = 110*u - 14. Let a be t(3). Suppose 2*g - 7*g = -2*x + a, 811 = 5*x - 2*g. Is x composite?
False
Suppose 5*c + 29 = -2*o, o - 4*o - 31 = 5*c. Let f be (o/2 - 185)/1. Let v = -95 - f. Is v a prime number?
False
Let t = -29448 - -43349. Is t prime?
True
Let x(d) = 53*d**3 - 4*d**2 + 4*d - 2. Let i be x(2). Suppose 4*b + 5*g = 982, 2*g - 240 = -b - 2*g. Let w = i - b. Is w a composite number?
True
Let a be 0 + 12/4 - -236. Let y = a - 123. Suppose 3*i - y = i. Is i a composite number?
True
Let g(t) = t + 6. Let l be g(-7). Is (-1137)/(-6)*(1 - l) a composite number?
False
Let n(l) = -12*l**3 - l**2 - 3*l - 2. Let f be (-14)/12 - 2/(-12). Let p be n(f). Let v(r) = -r**3 + 18*r**2 - 16*r - 17. Is v(p) composite?
True
Let s(f) = f**3 + 6*f**2 + 2*f - 10. Let b be s(-5). Suppose -b*n = -7*n + 3602. Is n composite?
False
Is (-1)/((-4 + 5)*(-5)/15305) prime?
True
Let z = 0 + 3. Let i(u) = 3*u**2 - u**z - 2 + 0*u + u**2 - 2 + 2*u. Is i(-5) a prime number?
True
Suppose -4*s + 0*d + 2*d = -7676, 0 = -3*s - 4*d + 5757. Suppose -2